55
Evaluate (-1720 - -1725) + (-46 - (-1 + -1 + 3 + -1)).
-41
Evaluate -1 + (17 - 12 - (1 - 9)) + -48.
-36
Calculate -8 - ((-24 - -13 - -7 - -11) + -34).
19
Calculate 7 + (10 - 3) + 55 + -45.
24
What is the value of (-9 - (-11 + -15)) + -16 + 44?
45
Calculate (3 - 18 - -1) + (32 - -13 - -7).
38
What is 2 + -9 - 2 - (305 + -334)?
20
What is 1 + 21 - (176 - (-64 - -192))?
-26
Evaluate -1 + 14 - (-1563 - -1590 - (-1 + 14)).
-1
-3 + 39 + 3 - (1 - -44 - (-2902 - -2947))
39
What is the value of 6 - (-27 - -25 - (35 - (-11 - -29)))?
25
Calculate -34 + 98 + 28 + -28.
64
Calculate (62 - 65 - (7 - 53)) + (3 - (5 - 3)).
44
Evaluate (12 - 12 - (0 + 4) - -6 - 7) + 3.
-2
What is the value of -40 + (3 - -44) + 15?
22
What is the value of 1 - 3 - (20 + -29 + 12 - 11)?
6
-40 - (-10 + 10 + -18) - 7
-29
What is -21 + 28 + -110 - 8?
-111
Calculate 79 - (-45 + -32 - -207).
-51
What is 7 - (46 - (-3 + (-2 - -13) + -12))?
-43
(21 + -23 - 11) + 18 - -20
25
What is -16 + (7 + (-2 - -12) - 6) + 2 + -73?
-76
Calculate 30 + -116 + (81 - 26).
-31
What is the value of 32 + (-28 - (-8 - 2)) - 102?
-88
What is the value of -28 + (1 - 3) - (-38 + (-1 - -35))?
-26
What is the value of -10 - (26 + 0 + -6 + 20 - (12 - 27))?
-65
Evaluate 71 + -138 - -84 - (20 + 1).
-4
What is (20 - ((6 - -8) + -36)) + (6 - 0)?
48
Evaluate 7 + (1 - 1 - (37 - (-8 + 12))).
-26
-78 - -35 - (19 + (10 - (-2 + 10)))
-64
Calculate (-6 - (-13 - ((-3 - -1) + -10))) + 36.
31
What is 7 + (0 + 21 - (-173 + 177)) + 2?
26
What is 9 + -16 - (10 + 7 - 166)?
142
Calculate -16 + -6 - (-25 - (-6 + 0)).
-3
Evaluate -60 + (2 - 11 - -7) + 84 + -96.
-74
What is (7 - 23) + (-4 - (-93 - 18) - (-4 - -13))?
82
What is (2 - -3) + -6 + 2 + -2 + 18?
17
4 - (12 - (3 + 69 + -24))
40
Evaluate (2 - 8) + 1375 + -1413.
-44
Calculate -647 + 692 + -7 + (-3 - -6).
41
What is the value of -4 - (6 + -25 - -9) - (5 - 1)?
2
-85 - (-1 - -43) - -10
-117
What is the value of (-298 - -287 - (0 - 12)) + 14 - 17?
-2
What is -133 + -27 + (-48 - -127)?
-81
-3 + 29 + 2 + (248 - 264)
12
3 + (3 + -2 - -7) + (-192 - -117) + 197
133
Calculate (-7 - (18 + -30)) + (1 - (-18 + -1)).
25
What is the value of -21 - (50 + (-104 - -18))?
15
-12 + 38 + 12 + -24 + (1 - 1)
14
What is 6 + 9 + (12 + -5 - 8) - 6?
8
Calculate (-10 - (22 - 26)) + 1 + -8 - -97.
84
Evaluate 1 + 31 - (209 + -66 + -28).
-83
-114 + 1 + 7 + 50
-56
-58 + (37 - (81 - 57))
-45
What is (-41 - (-41 - 17)) + 0 + -14?
3
What is the value of (-97 - -108) + (3 - -12) + (-2 - -7) + -5?
26
What is (-11 - -12) + 100 + -6 + -29?
66
What is the value of (-7 - (-16 + 0 + 10)) + (-3 - -24)?
20
-10 + -23 - (-26 - -6) - (-3 + 3 + -5)
-8
Calculate 8486 + -8615 + 88 + 0.
-41
6 + 1 + (-246 - -233) + 9 + 0 + 90
93
What is -55 + 50 + (-5 - -1) + -39?
-48
Calculate 18 + ((10 - (-3 + 11)) + -11 - -5).
14
What is the value of (-3 - -1 - (-65 + 101 + -40)) + 31?
33
What is 75 + -48 + 28 + -45?
10
Evaluate (6 - -62 - 32) + -75.
-39
Evaluate (86 - 1) + -116 + (19 - -144).
132
What is the value of -107 - -36 - (-69 - 72)?
70
What is (250 - 8) + -157 + (46 - -1)?
132
Calculate 156 + 0 - ((-1 - -5) + (-114 - -127)).
139
Calculate -1 + (-7 - 2) + (-17 - (55 + -18)).
-64
What is the value of 102 - (-5 + 127) - (1 + 20)?
-41
75 + (-101 + 27 - -40)
41
Evaluate 20 + 8 + -35 - (20 - (-1 - -1)).
-27
Calculate -1 + -51 + 1 - (-3204 + 3218).
-65
-103 + (127 - (-69 - -106))
-13
Calculate (2 - -3) + 9 - (-1 + -7 - 3).
25
What is (-232 - -191) + (7 - -6)?
-28
Calculate -53 - 10 - (-159 + 114).
-18
What is the value of (10 - 8) + (0 + 5 - -7 - 11)?
3
Evaluate 2491 - 2507 - (-28 + 2).
10
What is -4932 + 4918 - (-2 + -1 - 60)?
49
What is the value of 58 - 21 - 24 - (0 + 6) - 68?
-61
What is the value of 62 - (133 + -134 + 112)?
-49
Evaluate (-13 - -45) + (-25 - -36) + (-6 - (2 - 0)).
35
What is 22 - (-86 + -31 + 190)?
-51
Calculate 33 - 83 - -13 - -28 - 68.
-77
What is 5 + 8 + 2 + 10 + -19 + -6 + -68?
-68
Evaluate -54 + 23 + 30 + -21.
-22
What is the value of (-9 - -3) + 2 + 7 + (11 - 97)?
-83
Calculate 1 - 0 - ((-21 - 3) + 24 + 11).
-10
What is the value of (1 - 3) + (-65 - 0) - (33 + 65 + -101)?
-64
What is the value of -2 + -1 + 65 - ((-159 - -144) + 31)?
46
57 + (-92 + 12 - -42)
19
Evaluate -40 + (17 + -18 - -7) - (-2 - -1).
-33
What is 52 - (-56 - -85 - 20)?
43
Evaluate 3 + -69 - ((-10 - -23) + -1).
-78
44 + (-28 - 27) + 13
2
What is the value of 32 + -28 + (100 - 99 - (2 + -17))?
20
Calculate -2 - 31 - (-347 - -313) - 103.
-102
What is the value of (-6 - -6) + 7 + 8 + 1 - -53?
69
What is (-13 - (46 - 70)) + 11?
22
Calculate 49 + 4 + (4 - -2) + (-18 - -31).
72
What is 5 + (65 - 6) - (-3 + 28)?
39
What is the value of -120 - (44 - 35 - 77)?
-52
-42 + -44 + 109 + 52
75
-22 + -108 + (-8 - -246)
108
What is the value of (2 - (-2 - 7)) + -22 + 6 + -18?
-23
Evaluate -12 + (35 - (56 - 36)) + 0 + 32.
35
Evaluate -119 + 161 - (8 + -19 + -20).
73
What is -9 + 31 + 9 + -41?
-10
What is -16 + (24 - (-9 + -71))?
88
14 + -10 + -38 - 4
-38
(130 - (182 + 85)) + 84
-53
1 - -45 - (-63 - 21 - -104)
26
2 + -1 - (2 + 2) - (111 - 103)
-11
(-13 - 50) + 608 + -410 - (0 - 13)
148
Calculate (-295 - -147) + 131 - (18 - 1).
-34
What is -45 + 56 - (-1 + 0 + 70)?
-58
Evaluate -53 - (23 - ((-11 - -29 - 13) + 3)).
-68
What is 1 + -32 - (-17 + -15 + (-10 - -54))?
-43
Evaluate -47 + 31 - -5 - (-6 + (0 - -2)).
-7
What is (33 - 101) + 39 + -35?
-64
What is (-5 + -1 - (-258 + 240)) + -4 + -23?
-15
Evaluate -23 + 0 + (197 - 261) - 49.
-136
-11 - ((-5 - (2 + 8 + -10)) + 15) - -6
-15
What is the value of 93 - (-7 + 119 - 56)?
37
Calculate 11 - (-2 - -17) - 37 - (-3 + 0).
-38
-62 - -1 - (-6 - (-18 + 13 - -5))
-55
What is the value of (22 - 12 - -12) + 19 + 5?
46
What is the value of -17 - (12 + 1 - (-42 + 60 + -71))?
-83
What is the value of -55 + -133 + 121 + -4 + 29?
-42
Calculate -23 - (-7 - (2 - 1)) - (2 + -25).
8
Evaluate 5 + -39 + (-72 - -12 - -14).
-80
Evaluate 56 + (-28 - -2 - -18 - (-5 - (-8 + -2))).
43
Evaluate -14 + -17 + 6 + 29 - (2 + -1 - -49).
-46
-88 + -3 + 27 + 9
-55
Evaluate 2 + 8 - ((7 - (-5 + -9)) + -2) - 33.
-42
(18 - (81 - 22 - 21)) + (-1 - -55)
34
Calculate -6 + -13 + (29 - 13) - ((-4 - -29) + 2).
-30
-22 - 4 - (-40 + -1 - -78)
-63
(98 - 130) + (9 - 15) + -2
-40
Calculate -3 + 16 + 6 + (8 + -18 - -11).
20
What is the value of (0 - 15) + (44 - -1) + 268 + -299?
-1
What is the value of (8 + 4 - 33 - -8) + -30?
-43
What is 15 - (5 - 2 - 1) - (-97 + 0 + 9)?
101
(-147 - -175) + 5 + -37
-4
Evaluate 93 + (-53 - -59 - 51).
48
Calculate (3 + 2 - (0 + 41)) + (-13 - -1) + 10.
-38
What is 14 + 2 - -2 - (-1599 + 1623 + (-16 - -1))?
9
What is the value of (23 - 6 - (62 + -71)) + 30?
56
What is the value of -125 + 182 - -1 - 39?
19
62 - (-13 - 29 - -98)
6
Evaluate 39 + 39 + -56 + -33.
-11
-57 + (5 - (-75 + 81 - (1 + 3)))
-54
What is the value of -1 + 59 + 7 - (23 - 1)?
43
What is (-1 - -3) + (-50 - 96) + 229?
85
Calculate 35 - (-25 - (25 + -63 + -20)).
2
Evaluate 6 + -5 + (-45 - (-98 + 20)).
34
Calculate -22 + (18 - (-7 - -17)) + -19.
-33
-49 - (5 + (31 - -5 - 27 - (1 + 19)))
-43
What is the value of (-8 - -7) + 15 + -6 - -8 - -15?
31
Evaluate (-148 + 161 - (36 - 1)) + 11 + -1.
-12
What is -10 - (-26 + -8) - 13?
11
Calculate -11 - (0 - (3 + (-10 - -3 - 0)) - -1).
-16
Calculate (3 - (5 + (15 - 10 - 17))) + 36.
46
Calculate (-31 - (-19 + -11 + 19)) + 22.
2
What is ((5 - 14) + 4 + 1 - 0) + -230 + 204?
-30
What is 40 - (27 + -46 - -33 - (1 + 7))?
34
Evaluate -106 + (-69 - -95 - -94).
14
Evaluate 3 + 3 - (61 - (1 - -21)).
-33
Calculate 1 + -8 - ((-163 - -155) + 86).
-85
What is the value of 7 - (-176 + 74 + (-5 - -38))?
76
Evaluate -36 - 8 - (30 + -38) - -2.
-34
Evaluate (1 - -31) + (1371 - 1490).
-87
What is the value of -409 + 313 + 129 - (-1 + 110)?
-76
What is the value of 24 + 155 + -116 + 3?
66
Evaluate -3 + (-29 - 5) - -50 - ((1 - -89) + 2).
-79
-1 + -40 + (-39 + 32 - (-6 - 7)) + 3
-32
Evaluate (-1 - 0 - -4) + 11 - (183 - 183).
14
What is (-4 - (-1055 + 1044 + (1 - (4 - -2)))) + -29?
-17
Calculate -18 + 7 + 12 - (-32 - -7 - 15).
41
(-103 - -91) + 21 + -18
-9
Calculate -2 + -907 + 909 + 2 + -43.
-41
-22 + 9 + 48 - (0 + 2)
33
(-88 + 0 + 73 - (-103 - 1)) + -7
82
33 + (55 - 83) - -38
43
Calculate -2 + (-14 - -18) - (8 - (-2 + -8 + -22)).
-38
What is -3 + (7 - (1